{"id":6,"date":"2012-10-31T16:46:23","date_gmt":"2012-10-31T14:46:23","guid":{"rendered":"http:\/\/cbernardy.de\/schlagerbernd\/?page_id=6"},"modified":"2012-12-11T11:59:17","modified_gmt":"2012-12-11T09:59:17","slug":"lieder","status":"publish","type":"page","link":"http:\/\/cbernardy.de\/schlagerbernd\/lieder","title":{"rendered":"Lieder"},"content":{"rendered":"<p>Liebe! Romantik! Leidenschaft!<br \/>\nDavon handeln meine Lieder.<br \/>\nVielleicht k\u00f6nnt Ihr sowieso schon alles mitsingen, aber wenn nicht, dann k\u00f6nnt Ihr hier in den Liedtexten Eure letzten Mitsing-L\u00fccken schlie\u00dfen, k\u00f6nnt Euch von ein paar Songs schicke offizielle Videos und schicke Mitschnitt-Filme ansehen. Und Ihr findet nat\u00fcrlich auch Links zum Lieder anh\u00f6ren oder sogar herunterladen.<br \/>\n<\/p>\n<p><iframe loading=\"lazy\" width=\"100%\" height=\"450\" scrolling=\"no\" frameborder=\"no\" src=\"https:\/\/w.soundcloud.com\/player\/?url=http%3A%2F%2Fapi.soundcloud.com%2Fplaylists%2F2536699\"><\/iframe><\/p>\n","protected":false},"excerpt":{"rendered":"<p>Liebe! Romantik! Leidenschaft! Davon handeln meine Lieder. Vielleicht k\u00f6nnt Ihr sowieso schon alles mitsingen, aber wenn nicht, dann k\u00f6nnt Ihr hier in den Liedtexten Eure letzten Mitsing-L\u00fccken schlie\u00dfen, k\u00f6nnt Euch von ein paar Songs schicke offizielle Videos und schicke Mitschnitt-Filme &hellip; <a href=\"http:\/\/cbernardy.de\/schlagerbernd\/lieder\">Weiterlesen <span class=\"meta-nav\">&rarr;<\/span><\/a><\/p>\n","protected":false},"author":1,"featured_media":0,"parent":0,"menu_order":1,"comment_status":"open","ping_status":"open","template":"song-page.php","meta":{"footnotes":""},"_links":{"self":[{"href":"http:\/\/cbernardy.de\/schlagerbernd\/wp-json\/wp\/v2\/pages\/6"}],"collection":[{"href":"http:\/\/cbernardy.de\/schlagerbernd\/wp-json\/wp\/v2\/pages"}],"about":[{"href":"http:\/\/cbernardy.de\/schlagerbernd\/wp-json\/wp\/v2\/types\/page"}],"author":[{"embeddable":true,"href":"http:\/\/cbernardy.de\/schlagerbernd\/wp-json\/wp\/v2\/users\/1"}],"replies":[{"embeddable":true,"href":"http:\/\/cbernardy.de\/schlagerbernd\/wp-json\/wp\/v2\/comments?post=6"}],"version-history":[{"count":24,"href":"http:\/\/cbernardy.de\/schlagerbernd\/wp-json\/wp\/v2\/pages\/6\/revisions"}],"predecessor-version":[{"id":131,"href":"http:\/\/cbernardy.de\/schlagerbernd\/wp-json\/wp\/v2\/pages\/6\/revisions\/131"}],"wp:attachment":[{"href":"http:\/\/cbernardy.de\/schlagerbernd\/wp-json\/wp\/v2\/media?parent=6"}],"curies":[{"name":"wp","href":"https:\/\/api.w.org\/{rel}","templated":true}]}}